 + 4*j. Determine y(1).
3
Suppose 7*o + 4*a - 17 = 4*o, -5*a + 25 = 0. Let t(y) = 5*y**3. Let q be t(o). Let n(r) = 2*r + 3. Give n(q).
-7
Suppose -4*n = -6 - 6. Let q(b) = 6 - 2 - 2 + 2*b - 3*b. Calculate q(n).
-1
Let g(j) = 1 + 0*j - 3*j - 3 + j**2 - 1. Give g(-2).
7
Let l be 9/12 + 21/(-12). Let n(j) = 5*j**3 - 5*j**2 + 5*j - 4. Let g(k) = -5*k**3 + 4*k**2 - 4*k + 3. Let w(p) = -5*g(p) - 4*n(p). Calculate w(l).
-4
Let d(t) = -7*t**2 - 7*t - 4. Let z(b) = -3*b**2 - 4*b - 2. Let a(u) = -2*d(u) + 5*z(u). What is a(-4)?
6
Suppose 3*u - 14 = 3*b + 2*b, 26 = -4*b - 5*u. Let a = b + 9. Let o(n) = 1 - n + 7 - 7. What is o(a)?
-4
Let l be (-4)/((-16)/(-12)) - -5. Let c(w) be the first derivative of w**4/4 - 2*w**3/3 + 2*w - 1. What is c(l)?
2
Let o(h) be the first derivative of h**3/3 + 3*h**2 + 3*h + 9. Give o(-5).
-2
Let z(l) = -l**2 - 105 - l - 3*l + 109. What is z(-4)?
4
Let r(t) = -t**3 + 25 - 2*t**2 - 24 - 4*t**2 + 8*t. Determine r(-7).
-6
Let y(h) = 2 + 2*h - 4*h**2 + 4 - 5. Determine y(2).
-11
Let w(r) = -r**3 - 8*r**2 - r - 9. Suppose -2*g = 2*h + 6, g = -2*h + 6*h - 28. What is w(g)?
-1
Let c(g) be the first derivative of 3 + 1/24*g**4 + 1/3*g**3 + 0*g - 1/15*g**5 - 3/2*g**2 + 1/120*g**6. Let k(f) be the second derivative of c(f). What is k(2)?
-4
Let t be (-4 + 3)/(1/6). Let f = t - -5. Let u(i) = i. Determine u(f).
-1
Let l(f) = -f**3 - 7*f + 4*f**3 - 2*f**3 - 6*f**2 - 6. Give l(7).
-6
Let s(t) = t - 4. Let y(p) = p - 4. Suppose -3 = l + 1. Let j(m) = l*s(m) + 3*y(m). What is j(3)?
1
Let p be 0/(0 - -2) + 6. Let l(k) = p*k**2 - 2*k**3 - k**3 + k + 4*k**3 - 2 - 2*k**3. Let z = 15 + -9. Calculate l(z).
4
Let m(y) = -6*y**3 + 2*y**2 - 1. Let x be (-60)/50 - (-2)/10. Give m(x).
7
Let l(b) = b**3 + 3*b**2 - 1. Suppose -2*y + 7 - 3 = 0. Suppose 0 = 3*d - 3*s - y*s + 4, 0 = d + s + 4. Calculate l(d).
-1
Let c be -2 + (12/9)/(4/(-6)). Let w(k) = k + 2. Calculate w(c).
-2
Let u = -19 - -18. Let p(t) = -t**2 + 2*t + 1. Give p(u).
-2
Suppose 2*j + 2*f + 6 = 4*j, -j - 7 = f. Let w(d) = -d**3 + 3*d**2 + 3. Let r be w(3). Let n(v) = 0 - r*v + 0. Calculate n(j).
6
Let t(a) = -a**2 + 3*a. Let k be ((-18)/15)/((-9)/60). Suppose 2*x - 2 - k = 0. Give t(x).
-10
Let c(v) = -8*v + 2. Let a(h) = -h + 1. Let l(b) = 6*a(b) - c(b). What is l(-6)?
-8
Let c = 6 + -7. Let m(o) be the third derivative of 0*o**4 + o**2 + 0 + 0*o + 7/60*o**5 + 1/6*o**3. Calculate m(c).
8
Suppose 2*f + 8 = -3*j, -5*f - 20 = -4*j + 8*j. Let q(u) = -14*u + 9. Let v(b) = 3*b. Let a(l) = -q(l) - 5*v(l). What is a(f)?
-5
Let f(x) be the first derivative of -x**3/3 - 3*x**2 + 4*x - 1. Calculate f(-7).
-3
Let v(j) = 3*j - 1. Let y be 2/(6/(-3))*-9. Suppose -3 = 2*a - y. Determine v(a).
8
Let w be -2*1/(-5)*-5. Let i = 9 - 10. Let l be 3 + w + 1 + i. Let z(f) = f**2 - 1. What is z(l)?
0
Let a be 11/2 + (-1)/2. Suppose 0 = -u + 5*p - 3, -u + a = u + p. Let v(y) = -y + y**3 - 2*y**2 - u*y + 1 + 0. Calculate v(2).
-5
Suppose 3*z = z - 10. Let y(l) = 6*l + 9. Let h(c) = -5*c - 8. Let t(u) = -3*h(u) - 2*y(u). What is t(z)?
-9
Let m(h) = h**2 + 2*h. Let t be 1 - (3/(-2) + 9/2). Determine m(t).
0
Let d be 1/2 - (-3)/6. Let h(n) = d + 0*n - 6*n - 4*n + 8*n. Calculate h(1).
-1
Let v be (-1)/(-1)*-1*0. Let r(z) = -z - 12. Give r(v).
-12
Suppose 1 = -2*j + 5. Let p(g) = -g + 2*g + g**2 - 8 - j*g. Let u(s) = -s**2 - 4*s + 21. Let f be u(-7). Calculate p(f).
-8
Suppose 6*f + 20 = -16. Let y = 2 - 5. Let l(x) = x**3 + 4*x**2 + 5*x + 3. Let g(p) = 2*p**3 + 7*p**2 + 9*p + 5. Let q(d) = y*g(d) + 7*l(d). Calculate q(f).
-6
Let r(l) = 2*l**3 - 2*l + 1. Suppose -11 = -k - 2*m, k + m = 7 - 1. Give r(k).
1
Let a(z) be the first derivative of -z**6/120 + z**5/60 - z**4/24 + 11*z**3/6 - 3*z**2/2 - 4. Let d(l) be the second derivative of a(l). Give d(0).
11
Let l(q) = q - 4. Let r be l(6). Suppose r*j - 3*j = 0. Let a(f) = j*f + 2 - f - 3 + 8. Calculate a(3).
4
Suppose 79*t + 12 = 73*t. Let j(d) = 3*d**3 + 3*d**2 + 2*d. Determine j(t).
-16
Let v be 2/((1/(-6))/(-1)*-3). Let r(i) = -i**3 - 4*i**2 + 3*i - 1. Calculate r(v).
-13
Let n be ((-6)/4)/((-2)/(-12)). Let m(d) = -d - 7. Determine m(n).
2
Let t be (1 - 0/(-2))/(1/2). Let k(h) be the first derivative of -3*h + 3 - 2*h**3 + 1/4*h**4 + 5/2*h**t. Give k(5).
-3
Let r(f) be the first derivative of -3 + 4*f**2 - 3*f - 2*f**2 - 3*f**2. What is r(-3)?
3
Let d(p) = -4*p**3 + 3*p + 3*p**3 - 4 + 0*p + 3*p**2. Let q = 6 + -3. Give d(q).
5
Let x be (-46)/(-10) - (-2)/5. Let f(p) = -p**2 + 5*p - 6. Give f(x).
-6
Let l(u) = u + 16. Let v be l(-10). Let o(r) = -r**3 - r**2 + 1. Let d(a) = 5*a**3 + a**2 - 13. Let m(q) = v*o(q) + d(q). Determine m(-5).
-7
Let y(b) = 2*b. Let u(i) = 3*i + 2. Let k be u(-3). Let v = -8 - k. What is y(v)?
-2
Let t(q) = 2*q - 5. Let w be 0 + (-3)/1 - -3. Suppose 1 = -r, w*h + 4*r = 4*h - 20. What is t(h)?
3
Let q(k) be the second derivative of k**4/12 + k**3 - k**2/2 - 5*k. What is q(-5)?
-6
Suppose v = -v. Let r(f) be the third derivative of -2*f**2 + 0*f + 0 + 1/6*f**3 - 1/24*f**4. Calculate r(v).
1
Let h(v) = v**2 + v - 7. Let u = -1 + 1. What is h(u)?
-7
Let o(a) = 2*a. Let t be o(4). Let z(k) be the second derivative of -k**5/20 + 7*k**4/12 + 7*k**3/6 + 2*k**2 - 23*k. Calculate z(t).
-4
Suppose 2*y + 3*y - 5*d = -35, -d + 3 = y. Let o(j) = 2 + 3*j**3 - 3*j**3 + 2*j - j**3 - 3*j**2. What is o(y)?
-6
Let h(d) = -5*d**2. Let n(b) = -4*b**2. Let j(t) = 5*h(t) - 6*n(t). Let s be 1/2*0 - 1. Calculate j(s).
-1
Let p(y) = 2*y**2 - y - 1. Suppose 3*r - r = -10, b - 5*r - 27 = 0. Give p(b).
5
Suppose -m - 9 = -4*m. Suppose 0 = -4*y + m*j + 16, j + 5 = -5*y + 25. Let u(v) = -v - 7 - y*v + 2*v. Calculate u(-5).
8
Let z(x) be the second derivative of x**4/12 + x**3/2 - 5*x**2/2 + 51*x. What is z(-4)?
-1
Let b(z) = -2 + 3 + z - 3. Let x(y) = y**2 + 10*y. Let u be x(-10). Suppose -5 = q + 5*d, u*q - d = -5*q + 27. What is b(q)?
3
Suppose 4 = v + v. Let k = v + 0. Let n(i) = -i - 1. Let y(r) = r + 1. Let g(o) = -2*n(o) - y(o). Determine g(k).
3
Suppose -10 - 2 = -4*r. Let g(c) = -5*c**3 - c**2 + 3*c - 17. Let b(x) = -2*x**3 + x - 6. Let q(d) = -8*b(d) + 3*g(d). Calculate q(r).
0
Let o(q) = -1548 - 6*q**3 + 1542 - q**2 + 5*q**3. Let r = -3 - -3. Give o(r).
-6
Let m = 13 + -4. Let s(c) = 7*c**2 - c**2 - 6*c + m*c - 2. Let w(l) = -l**2 + 1. Let u(y) = s(y) + 5*w(y). What is u(-2)?
1
Let n(x) = -x**3 + x**2 - x + 6. Let p be n(0). Let h(w) = -w**2 + 5*w. Determine h(p).
-6
Suppose -t - 2 = -2*w, 0*t - 3 = 2*t - 3*w. Let o(x) = x**3 - x**2 + 2. Give o(t).
2
Let i(x) = x**2 - x. Suppose -z + 4 = 2. Let y be (2 + -2)/(-1*z). Calculate i(y).
0
Suppose 17 = 2*o + j, 0*o = 3*o - 3*j - 3. Let g(v) = v**3 + 6*v**2 - 9*v - 8. Let i(d) = d**3 + 5*d**2 - 8*d - 7. Let b(a) = o*g(a) - 7*i(a). Give b(2).
1
Let v(r) = 55*r - 3. Let t(w) = 83*w - 5. Let c(p) = -5*t(p) + 8*v(p). Calculate c(-1).
-24
Let r(n) = 2*n. Let b be r(3). Let z(l) = 2 - 2 - l. Give z(b).
-6
Suppose -3*s = 2*p - s + 18, 26 = -2*p - 4*s. Let h(l) be the second derivative of l**4/12 + 5*l**3/6 - l**2/2 + l. Give h(p).
-1
Let p(l) be the third derivative of 0*l**3 - 1/24*l**4 + 0*l + 2*l**2 - 1/60*l**5 - 1/180*l**6 + 0. Let a(j) be the second derivative of p(j). Give a(2).
-10
Let z(q) be the third derivative of -q**4/8 - q**3/2 - 4*q**2. Let u = 7 + -9. Give z(u).
3
Let s(b) = 6*b - 1. Let g(w) = -5*w + 2. Let n(d) = 4*g(d) + 3*s(d). Determine n(0).
5
Let v(p) be the second derivative of 5/6*p**3 + 3*p + 0 - 5/2*p**2 - 1/12*p**4. Calculate v(5).
-5
Let q be 5*(-3 + 3 + -1). Let r(k) = -2*k - 6. Give r(q).
4
Let s = -4 + 7. Let u(q) = -q**3 - 4*q + 0*q - s + 2*q - 6*q**2 + 10*q**2. Determine u(3).
0
Let y(a) = -2*a**2 - 5*a**3 - a + 3*a**2 + 4*a**3 - 3. Calculate y(0).
-3
Let q(x) = -6*x**2 - 2*x - 3. Let h(g) = -17*g**2 - 6*g - 9. Let b(w) = 4*h(w) - 11*q(w). Calculate b(3).
-27
Let i = 1 - 0. Let o be -1*1 - 0/i. Let j(k) = 7*k**2 - 6 - 2 + k + 9. Give j(o).
7
Let w(i) = -4*i + 3*i - 8 + 4*i - 4*i. Determine w(6).
-14
Let x = 3 - 0. Suppose -2*g + 0 - 5 = r, 3*r - 21 = x*g. Let b(n) = 3*n**2 + n**3 - 3*n - n + 6 - 10. Determine b(g).
-4
Let w(c) = -c**3 - 3*c**2 + 7*c + 5. Suppose -5*m + 3*r = -r - 50, m - 3*r = 21. Let v be 9/m*(-16)/6. Determine w(v).
-7
Let m(g) be the second derivative of -g**3/6 + 3*g